e -260 = -0*z - 5*z. Let o be (-65)/z - 6/8. List the prime factors of (-62)/o - (0 - 0).
31
Let s(v) = 464*v - 10. Let b(u) = -93*u + 2. Let t(n) = -14*b(n) - 3*s(n). List the prime factors of t(-1).
2, 23
Suppose -2*g + 3*i = 3, 2 = 2*i - 4. Let d(k) = -49*k - 29. Let r be d(-3). Suppose a = -4*s + 64, 2*a - r = -0*s - g*s. What are the prime factors of a?
2, 7
Let t(p) = p**2 - 9. Let f be t(-4). Let u(l) = -f + 0*l - 2*l + 3*l + 0*l. What are the prime factors of u(17)?
2, 5
Suppose -c = -6*c - 20, -340 = 4*a - 2*c. Let j = -57 - a. List the prime factors of j.
2, 3, 5
Let i(k) = 33*k - 2. Let g be i(1). Suppose g = 5*o - 9. List the prime factors of o.
2
Let t(f) = f**3 - 14*f**2 + 13*f + 30. What are the prime factors of t(13)?
2, 3, 5
Let b = -221 - -236. What are the prime factors of b?
3, 5
Suppose -h - h = o - 695, 1043 = 3*h + 2*o. What are the prime factors of h?
347
Suppose 3*r + 5*h = 2186, -2*h + h = -4. What are the prime factors of r?
2, 19
Suppose 2*c = -z + 110 + 164, -4*z = 2*c - 1114. Suppose -6*j - 4*j = -z. List the prime factors of j.
2, 7
Let g = 456 + -39. Suppose d - 4*z - z = 123, -z = 3*d - g. What are the prime factors of d?
2, 3, 23
Suppose 0 = 10*l + 8057 - 32517. List the prime factors of l.
2, 1223
Let a be ((-6)/3)/(1/2). Let b(w) = w + 1. Let k(x) = -9*x - 11. Let d(r) = 5*b(r) + k(r). What are the prime factors of d(a)?
2, 5
Suppose -h = 3*w - 2493, -2*w - 20*h + 1661 = -19*h. List the prime factors of w.
2, 13
Let c(l) = -25*l**3 + 3*l**2 + l - 3. Let n(v) = v**3 - v**2 - v + 1. Let s(i) = c(i) + 2*n(i). List the prime factors of s(-1).
2, 3
Let h(q) = 2*q - 20. Let m be h(15). Let c = m + -5. Suppose -56 + 216 = c*x. What are the prime factors of x?
2
Suppose -11 = y - 3*j, 5*y + 4*j + 14 = 54. Suppose -o - y*n = 3*o + 176, -4*o - 3*n - 171 = 0. Let w = o - -58. List the prime factors of w.
19
Suppose -4*n + 0*t + 2*t + 6 = 0, 3*n - t - 3 = 0. Suppose -378 = -5*q + 4*y, -4*y = -3*q - n*q + 230. What are the prime factors of q?
2, 37
Suppose -3*n = -7*n + 780. List the prime factors of n.
3, 5, 13
Suppose -3 = p + 18. Let v(h) = -h**3 - 21*h**2 - 4*h + 7. List the prime factors of v(p).
7, 13
Suppose 0 = k + 4*o - 88 - 52, -3*o = -2*k + 247. List the prime factors of k.
2
Suppose n + 2*n = -4*r + 710, -3*r + 4*n + 545 = 0. Suppose 5*s - 575 = 5*x, -2*s = -3*x - r - 46. List the prime factors of s.
2, 3, 5
Let q(g) = 3*g**2 + 10*g + 8. Suppose -6 = -4*c - 30. Let v be q(c). Let p = -29 + v. What are the prime factors of p?
3
Suppose 24*j = 19*j + 605. What are the prime factors of j?
11
Suppose 4*n + 3*d = 8, n - 2*n + 2 = 2*d. Suppose 0 = 3*c, -n*i + 3*c = i - 36. What are the prime factors of i?
2, 3
Suppose 4*t + 3 = -3*x - 4, 0 = -3*t + 4*x + 1. Let b(w) = -34*w. Let m be b(t). Suppose -2*f = -m - 0. What are the prime factors of f?
17
Suppose -3*w - 3 = 0, -3*w = -0*u + u + 32. Let k = u + 37. Suppose k*n - 3*n - 120 = 0. List the prime factors of n.
2, 3
Suppose 0 = 59*x - 301957 - 28974. What are the prime factors of x?
71, 79
Let u(s) be the first derivative of s**4/24 + 17*s**3/6 + s**2/2 + 2. Let z(i) be the second derivative of u(i). What are the prime factors of z(0)?
17
Let r = -1682 - -2593. What are the prime factors of r?
911
Suppose -16*y + 21 = -299. Suppose 0 = -0*j + 2*j - 3*t - 2, 0 = 5*t - y. What are the prime factors of j?
7
Let c(s) = 54*s - 6. Let q be c(2). Let w = 0 + q. What are the prime factors of w?
2, 3, 17
Let a = -57 - -62. Suppose -s + 41 = 3*x - 129, 0 = -a*x + 20. List the prime factors of s.
2, 79
Let y = -511 - -861. List the prime factors of y.
2, 5, 7
Suppose 6*s = 8*s + 4. List the prime factors of (2 - (-1)/s)*(-608)/(-24).
2, 19
Suppose -1092 = -4*u - 2*q, -5*u - 2*q + 1376 = -5*q. What are the prime factors of u?
2, 137
Let m be 3/9 + (-14)/(-3). Suppose m*o + 4 = o. List the prime factors of 4*((-69)/(-12) + o).
19
Let u(r) be the second derivative of r**5/20 - 3*r**4/4 + 5*r**3/6 + 4*r. Let h be u(8). Let z = -22 - h. What are the prime factors of z?
2
Suppose 3*o = 2*c + 45, -o + 42 = -2*c + o. Let w = -54 - c. Let i = w - -73. What are the prime factors of i?
37
Let k = 1123 + 62. List the prime factors of k.
3, 5, 79
Let p be 4*(154 + -1 + 4). Let x = p + -435. What are the prime factors of x?
193
Suppose -25 = -5*x - 2*d - 3*d, 0 = 5*d - 15. Suppose 0 = 3*k + x*o - 5, 4*o = -5*k + 4 + 1. What are the prime factors of (38/k)/((-2)/(-5))?
19
Let j = 1065 + -361. List the prime factors of j.
2, 11
Let y(v) = 9*v**2 + v + 103. List the prime factors of y(13).
1637
Let o = 1946 - 787. What are the prime factors of o?
19, 61
Let u = -2 + 4. Suppose 2*p + 3*m = -u*p + 109, -p + 31 = 2*m. What are the prime factors of p?
5
Suppose 4*j = 10 - 2. Let o = 10 - j. Suppose 2*w - o*w + 282 = 0. What are the prime factors of w?
47
Suppose 0 = -13*k + 19*k - 1800. Suppose 6*g - k = g. What are the prime factors of g?
2, 3, 5
Let i be (36/54)/((-2)/(-2994)). Suppose 0 = 4*w + w - s - 1247, s = 4*w - i. List the prime factors of w.
3, 83
Let w = -792 + 1205. What are the prime factors of w?
7, 59
Suppose 2*o + 0*o = -5*h + 39, h = -4*o + 51. Let l = o - 14. List the prime factors of (-69)/l - 15/10.
3, 11
Let g = 2568 - 1379. What are the prime factors of g?
29, 41
Let u = 4 - -2. Let a(f) = f**3 - 7*f**2 + 5*f + 7. Let y be a(u). What are the prime factors of y/(-1 - 81/(-78))?
2, 13
Let p(q) = 7*q**3 + q - 1. Suppose 2*k = -2*k - 5*y + 14, 2*k = -3*y + 8. Let i be p(k). Suppose 0 = v - 15 - i. List the prime factors of v.
2, 11
Suppose -2*l = -5*c + 4442, -7*c - 2*l + 4458 = -2*c. What are the prime factors of c?
2, 5, 89
Let x = 548 + 2770. What are the prime factors of x?
2, 3, 7, 79
Let w be 1/(2*5/(-1720)). Let c = w - -243. List the prime factors of c.
71
Suppose -238*s + 244*s - 876 = 0. What are the prime factors of s?
2, 73
Suppose r + 2*r = 0. Suppose -4*d - 4 = r, -4*i - i = 3*d - 522. What are the prime factors of i?
3, 5, 7
Suppose 0*a + 4*a - 28 = 5*r, -2*r - 4 = 2*a. Let p(u) = -8*u - 8. Let h be p(r). Suppose 11 + h = 5*b. What are the prime factors of b?
7
Let l = -14 - -3. Let c(o) be the second derivative of -o**4/12 - 7*o**3/3 - 3*o**2 + 3*o - 3. List the prime factors of c(l).
3
Let h = 4 - 0. What are the prime factors of (-254)/(-12) + h/(-24)?
3, 7
Let y = -1142 + 1704. What are the prime factors of y?
2, 281
Suppose 15*y - 34*y + 39596 = 0. What are the prime factors of y?
2, 521
Let m be ((-8)/12)/((-2)/(-24)). Let h = -46 + 42. What are the prime factors of h/16*13*m?
2, 13
Let z(f) = 7*f + 16. Let j(a) = 15*a + 31. Let x(d) = -6*j(d) + 13*z(d). List the prime factors of x(-17).
5
Let h be 2/(-5) - (15589/(-35) - -8). Let q = h - 270. What are the prime factors of q?
167
Let u be (-30)/12*2*41. Let b = 334 + u. List the prime factors of b.
3, 43
Suppose 6*v - 5*v - 14 = 0. Let c = 18 - v. Suppose 0 = f + c - 39. List the prime factors of f.
5, 7
Let x(w) = 38*w + 520. What are the prime factors of x(44)?
2, 137
Let n be 57*(-1 + (2 - 0)). Let o = 108 - n. What are the prime factors of o?
3, 17
Suppose 0 = 3*q - 196 + 46. Let l = 120 + q. Let x = l + -101. What are the prime factors of x?
3, 23
Let s = 593 + -132. List the prime factors of s.
461
Suppose 0 = 2*r - 4*r - 4. Let o be (r/4)/(5/130). Let c = 23 + o. List the prime factors of c.
2, 5
Suppose -12*u + 19*u - 525 = 0. Suppose 0 = -3*h + 71 + 31. Let l = u - h. List the prime factors of l.
41
Suppose -45 = -2*r + 147. Let j = 89 + -43. Let w = r - j. What are the prime factors of w?
2, 5
Let i = 31 - 24. Suppose -82 - 506 = -i*u. List the prime factors of u.
2, 3, 7
Let a(t) = -t**3 - 4*t**2 + t - 12. Let u be a(-5). Suppose -7*y + 30 = -2*y. Let m = u - y. List the prime factors of m.
2
Let i(x) = -x**3 - 12*x**2 + 17. Let n be i(-12). Suppose -3*r + 120 = -3*m, -61 = -r + 5*m - n. List the prime factors of r.
3, 13
Let z(v) = -v + 5. Let b be z(13). Let f(q) = -2*q - 9. What are the prime factors of f(b)?
7
Let w = -94 + 142. Let h = w - 29. What are the prime factors of h?
19
What are the prime factors of 4/6*57/76*732?
2, 3, 61
Suppose 3*h - 2*p = 7142, -148*h + 2409 = -147*h + 5*p. List the prime factors of h.
2, 149
Suppose 3*a + 4*c - 30 = -c, -c + 50 = 5*a. What are the prime 